- m*b = -180. Does 9 divide b?
True
Let r(g) = -g**3 - 2*g - 1. Let n be r(-1). Suppose 0 = -n*t - 0 + 4. Suppose t*l - 18 = -4*m, -6*m = 3*l - 2*m - 35. Is 13 a factor of l?
False
Let y = -174 - -322. Is y a multiple of 10?
False
Suppose o + o = 0. Suppose 0 = d + 2*r - 9, -3*d = 4*r - o*r - 21. Suppose -d*n = -n - 12. Is 6 a factor of n?
True
Let g = 195 + -125. Suppose -5*j = -2*d - g, -d + 31 - 10 = j. Does 16 divide j?
True
Is (-425)/(-10)*4/2 a multiple of 19?
False
Let x(k) = k**3 - 4*k**2 + 3*k - 2. Let o be x(3). Let j(u) = -10*u - 2. Is 11 a factor of j(o)?
False
Suppose -50 - 45 = -l. Is 16 a factor of l?
False
Suppose -5*m + 99 = 3*a, 6*a - 2*a = -4*m + 84. Let t = m + 12. Does 15 divide t?
True
Let r(w) be the third derivative of w**5/60 + 5*w**4/24 - 2*w**2. Is r(6) a multiple of 22?
True
Let t(w) = w + 1. Let y be t(-2). Let m(g) = 5*g**2 + 2*g + 1. Is 2 a factor of m(y)?
True
Let a be 2/3 - 265/15. Suppose -6*l + l = -155. Let t = l + a. Is 7 a factor of t?
True
Let p = 46 - 31. Is 12 a factor of p - (-2)/(2/(-3))?
True
Let d = 11 - 12. Let i(s) = -7*s**2 - 6*s - 7. Let z(t) = -t**2 + t + 1. Let b(f) = -i(f) - 6*z(f). Is b(d) a multiple of 7?
True
Suppose -3*l - 8 = -0*l - 4*g, -l - 5*g + 29 = 0. Suppose -2*v + 25 = -3*c, -12 = -v - l*c + 28. Is v a multiple of 5?
True
Let i = 5 + -2. Suppose -5*y + 189 = -4*d - 50, -114 = -2*y - i*d. Is 19 a factor of y?
False
Let c = -12 + 50. Does 8 divide c?
False
Let n = -84 + 162. Is n a multiple of 12?
False
Let z(w) = -6*w + w - 2 + 18. Does 11 divide z(-5)?
False
Suppose -5*l + 69 = 4*c, c = -5*l + 3 + 3. Does 21 divide c?
True
Is 651/28*8/6 a multiple of 2?
False
Let o(l) = l**2 - 9*l + 5. Let y be o(7). Let n be 3/y*0*1. Let z(i) = i**2 + 23. Is 11 a factor of z(n)?
False
Let v(n) = -n**3 + n**2 - n - 1. Let t(i) = -2*i**3 - 12*i**2 - 6*i + 2. Let y(a) = -t(a) + 3*v(a). Does 15 divide y(15)?
False
Let o be 15/9 + 3/9. Suppose o*h - 4*h = -5*q - 26, 3*h = 5*q + 29. Does 2 divide (3/2)/((-2)/q)?
False
Let p be (-4)/18 - 260/45. Let r = p - -18. Is r a multiple of 6?
True
Suppose 10*k - 26*k + 240 = 0. Is k a multiple of 15?
True
Let q(g) = -9*g - 1. Let h be q(-3). Let r be 2/((-4)/h + 0). Let u = 47 + r. Does 17 divide u?
True
Suppose -p + 316 = 4*r, -2*p - r + 223 = -381. Is p a multiple of 50?
True
Suppose -4*x + 940 = 5*z, 3*x + 4*z - 173 - 531 = 0. Is x a multiple of 24?
True
Let s = -2 - -4. Suppose -l = -s*l + 90. Suppose -3*h - 27 = -l. Is 9 a factor of h?
False
Suppose 2*l = -5*v + 20, -4*v = 5*l - 5*v - 23. Does 2 divide l?
False
Let m(r) = 4*r**2 - 16*r + 10. Is m(8) a multiple of 14?
False
Let x be (0 - 2)*(-12)/3. Let t(g) = g**2 - 8*g + 8. Does 7 divide t(x)?
False
Suppose -29 = -z + 34. Is 21 a factor of z?
True
Let m = -2 - -1. Let g = -1 + m. Is (3*66/(-9))/g a multiple of 6?
False
Let f = -27 + 57. Does 3 divide f?
True
Let v(g) = -2*g**2 - 6*g - 1. Let b be v(-4). Let k = 4 + b. Is 13 a factor of ((-13)/(-2))/(k/(-30))?
True
Suppose -4*l + 3*l - 53 = 0. Let g be (-33)/1 + (1 - -1). Let i = g - l. Is i a multiple of 8?
False
Does 8 divide 2/(-5) + 1974/35?
True
Suppose 412 = 5*n - 3*u, 4*n + 89 = -4*u + 425. Is n a multiple of 16?
False
Suppose 209 = 4*w + j, -2*w + 3*j = -7*w + 270. Is w a multiple of 17?
True
Let v(i) = -i**2 + 11*i + 12. Is v(10) a multiple of 17?
False
Suppose -3*j + 36 = -7*j. Let v be (j/6 - -2)*0. Suppose 3*s = 5*p + 29 + 37, 4*s + 4*p - 88 = v. Does 13 divide s?
False
Let i = -22 + 16. Is 856/24 - 2/i a multiple of 18?
True
Suppose -27 = -10*s + 7*s. Is 9 a factor of s?
True
Let q be 5 + (2 - 1 - 2). Let f be ((-5)/4)/((-1)/4). Suppose -q - f = -u. Is u a multiple of 3?
True
Suppose 2*u - 74 = h, -u - 4*h - 62 = -3*u. Let w = u + -23. Does 4 divide w?
True
Let r = 10 - 10. Suppose -3*x + r*x = -117. Does 17 divide x?
False
Suppose 4*n - 180 = 2*n. Is n a multiple of 15?
True
Suppose 3*r + 2*s - 9 - 4 = 0, 3*r - 15 = -3*s. Suppose 22 = 4*f - 2*d, 0 = -r*f + d + 4*d + 34. Is f even?
False
Suppose 6*k - 637 = -k. Does 13 divide k?
True
Suppose -149 + 9 = -2*a. Does 7 divide a?
True
Let n(a) = -7 + 4*a**2 - 4*a**2 + 8*a - a**2 + 0*a**2. Is n(6) even?
False
Suppose 3*k = -55 + 1. Let z = 36 + k. Does 9 divide z?
True
Let g(h) be the second derivative of h**5/20 - 5*h**4/12 - 7*h**3/6 + 3*h**2 + 2*h. Let v be g(6). Suppose v*w + w = 6. Is 3 a factor of w?
True
Suppose 3*w + 15 = -3*t - 0*w, -3*w = 15. Suppose -20 = 4*o - 3*q, q + 0 = 4. Is 11 a factor of (-1 - t)*72/o?
False
Suppose m - 6 = -20. Suppose h - 3*h - 16 = 0. Does 9 divide 24*(-1 + m/h)?
True
Let s be ((-2)/3)/(3/9). Let b = s + 26. Does 12 divide b?
True
Let w = -11 + 5. Let h = w - -9. Suppose -4*a - 60 = -2*d, -h*a + 6*a - 72 = -3*d. Does 10 divide d?
False
Let x = -5 + 3. Is 7 a factor of -1*(x + (-14 - 3))?
False
Let l(c) = -2*c + 6. Is 4 a factor of l(-3)?
True
Suppose -4*i = 2*w - 144 - 64, 5*w + i - 502 = 0. Does 20 divide w?
True
Let r = 8 - 5. Is 15 a factor of 15/((-8)/r - -3)?
True
Let i(s) = -2*s + 76. Is 5 a factor of i(-24)?
False
Let c(o) = -16*o. Let x(f) = f**3 - f**2 + f + 1. Let z be x(-1). Is c(z) a multiple of 16?
True
Suppose -120 = u - 6*u. Let n = u - -54. Suppose -5*c = -i + 3*i - n, -2*c - i = -32. Is c a multiple of 11?
False
Suppose -102 = -s - 11. Is s a multiple of 7?
True
Let i(g) = -2*g**3 + g**2 - 3*g - 2. Is i(-2) a multiple of 20?
False
Let h(v) = -4*v + 1. Is 6 a factor of h(-5)?
False
Let l be (-26)/4 - 2/4. Let t(m) = 7*m**2 - 5*m + 3. Let o be t(2). Let x = o + l. Does 5 divide x?
False
Is (-82)/(-8) - 42/(-56) a multiple of 11?
True
Let y(w) = w + 5. Let v be y(-5). Suppose v = 4*p + 1 - 21. Is 2 a factor of p?
False
Suppose 0 = -5*p + o + 11, 0*p - 4*o + 22 = 2*p. Let k be p + (-3)/(-3)*-1. Is 9 a factor of 1 - (-4 + k - 18)?
False
Let l(y) = y + 5. Let g be l(0). Suppose n - 8 = -2*o + 2*n, g*o + n - 6 = 0. Is 11 a factor of -17*(-2 - o/(-2))?
False
Let z = -44 - -82. Let c = z + -16. Is 10 a factor of c?
False
Suppose 0 = n + 1100 - 412. Is n/(-18) + (-6)/27 a multiple of 19?
True
Suppose -2*f = -3*x + 2*x - 531, 4*f + 3*x - 1047 = 0. Does 22 divide f?
True
Suppose -37 = -3*w + 5*a + 37, -3*w - 3*a = -66. Suppose -3*b + 16 = -w. Is b a multiple of 3?
False
Let g(b) = -10*b + 15. Is 17 a factor of g(-7)?
True
Suppose -9*b + 3*b = 0. Suppose 4*w - 142 - 50 = b. Does 12 divide w?
True
Let z = 91 + -65. Is 10 a factor of z?
False
Let f(d) = -84*d. Let x(k) = -k. Let s(y) = -2*f(y) + 132*x(y). Is 12 a factor of s(1)?
True
Let d = -127 + 259. Does 11 divide d?
True
Suppose -r + 264 = 5*h, 5*h - 29 = 2*r + 238. Is h a multiple of 13?
False
Does 13 divide (6 - (4 + 0)) + 89?
True
Let h(k) = k**2 + 10*k + 3. Let d(s) = s. Let m(g) = 5*d(g) - h(g). Let a be m(-5). Is (-1)/a - 105/(-9) a multiple of 6?
True
Does 6 divide (-3118)/(-18) + -1 + 196/(-882)?
False
Let b be (4/14)/(7/49). Let w = b - -19. Is 5 a factor of w?
False
Let j = 59 - -3. Is 31 a factor of j?
True
Let s be (-5)/(10/4) - 14. Does 12 divide (s/(-24))/(2/111)?
False
Suppose 15 = -0*p + 3*p + 3*z, 3*p - 19 = -5*z. Suppose 4*v - p*d = -v + 273, 4*v - 214 = -2*d. Is v a multiple of 18?
True
Let h(d) = -d**2 - 8*d + 4. Let x be h(-8). Suppose 4*l - x*q = 0, -2 = -3*l - 2*q + 8. Is 2 a factor of l?
True
Let k = 8 + -29. Let q = 49 + -43. Does 23 divide (-7)/k + 244/q?
False
Let y = 5 + 0. Suppose -y*j + 442 = 3*g - 232, -3*g + 694 = j. Suppose g = 5*b + 83. Does 15 divide b?
True
Suppose -j = 3*t - 22, -2 = -j - t + 14. Is 10 a factor of j?
False
Suppose 2*g = 5*m + 34, 4*m - 6 = -g - 2. Let o = -24 + 17. Let x = g - o. Is 19 a factor of x?
True
Let b(r) = r + 1. Let l be b(2). Suppose 0 = -3*p - 0*j + l*j + 42, 5*p - 4*j = 65. Is 5 a factor of p?
False
Let o = 181 + -68. Does 15 divide o?
False
Let j be (6/(-9))/(4/6). Let h be -31 + 2/2 + j. Let s = h - -47. Is s a multiple of 5?
False
Does 19 divide ((-122)/(-4))/((-13)/(-26))?
False
Suppose -s + w = -66, 454 - 144 = 5*s + 5*w. Does 35 divide s?
False
Suppose c - 5 = 10. Let l(y) = -y**2 + 9*y - 3. Let n be l(9). Does 9 divide c - (-6)/(-9)*n?
False
Does 11 divide (2/(-4))/((3 - 4)/264)?
True
Suppose 4*m + 4*z + 2 + 2 = 0, -5*z = -2*m - 30. Let b(j) = j**2 + j - 4. Does 16 divide b(m)?
True
Does 10 divide (-828)/(-28) - 9/(-21)?
True
L